*(-1)/(-2). Calculate the highest common factor of k and n.
12
Let l(m) = -509 + m**2 + 509 - 9*m**3. Suppose -2*k - 2*x - 3 = -11, -k + 14 = 3*x. Let f be l(k). Calculate the greatest common factor of 10 and f.
10
Let s be ((-15)/20)/((-2)/8). Let l be -6*-17*s/6. Calculate the highest common factor of 17 and l.
17
Suppose -5*x - l = -6, 3*l = -5*x - 5 + 3. Suppose 2*a - 82 = -2*r - x*r, a + 54 = 3*r. What is the highest common factor of r and 57?
19
Let k(n) = n**3 + 6*n**2 - 2*n - 8. Let b be k(-6). Let s be 4 + (b - (-6)/(-2)). Calculate the greatest common divisor of 10 and s.
5
Let g be -3*(1 - 70/6). Calculate the greatest common divisor of 48 and g.
16
Let s = 3 + 2. Suppose -4*k = -s*w + 25, -2*k = 5*w - k - 25. What is the greatest common divisor of 45 and w?
5
Let s(l) = l - 2. Let a be s(3). Let j be (-3)/(-5) + 6/15. Calculate the greatest common factor of j and a.
1
Suppose 82 = 3*g - 3*s - 2*s, 2*g - 50 = s. What is the highest common factor of 24 and g?
24
Let l be (-992)/(-18) - 18/162. Calculate the highest common factor of l and 22.
11
Let p be 4/10 - (-508)/5. Let d be 138/8 - (-1)/(-4). Calculate the greatest common divisor of d and p.
17
Let x be (1 - (-7)/3)*12. Suppose 5*b + 0*z = 5*z + 50, 3*b + z - 30 = 0. What is the greatest common factor of x and b?
10
Suppose 0 = -u - i - 3, 2*i + 7 = -5*u + 4. What is the highest common divisor of u and 13?
1
Let n(a) = -3*a - 1. Let v be n(-3). Let p(c) = 28*c - 4. Let l be p(3). Calculate the greatest common divisor of l and v.
8
Let o = 6 - 8. Let r be 0 + (-6 + 0)/o. Suppose -5*t - 5*b = -35, -t - r*b + 14 = -3. Calculate the greatest common factor of 6 and t.
2
Let q = -23 - -41. Let b = q + -10. Suppose -b = -d - 0. What is the greatest common factor of 72 and d?
8
Let n = 280 - 137. Calculate the highest common factor of n and 13.
13
Let g be (2/(-1)*-1)/((-1)/(-50)). What is the highest common divisor of g and 40?
20
Suppose -2*f - 3*x = -23, f + 3*x = 4*f - 27. Calculate the greatest common factor of f and 4.
2
Let g(f) = f + 1. Let s(q) = -q**3 - 2*q - 13. Let h(x) = -2*g(x) - s(x). Let i be h(0). Suppose -o = -63 - 14. What is the highest common factor of o and i?
11
Let m(r) = -r**2 + 29*r + 24. Let k be m(29). What is the greatest common divisor of 24 and k?
24
Let v = -118 + 214. What is the greatest common divisor of v and 24?
24
Suppose 3*s - 2*j + 0*j = 26, -4*j = -3*s + 28. Let d = 161 + -145. Calculate the greatest common factor of s and d.
8
Let w be 41/3 - 2/3. Let h = -324 + 467. What is the highest common divisor of w and h?
13
Suppose 0 = 44*a - 9*a - 490. Let x = -1 - -1. Suppose x = 4*c - 3 - 5. What is the highest common divisor of a and c?
2
Suppose -4*y + 28 = 5*g - 6*y, 3*g + 4*y = -4. What is the greatest common factor of 32 and g?
4
Suppose 0 = 4*i - 22 + 6. Let l(q) = -30*q. Let b be l(-1). Let s be (-16)/(-6)*b/i. What is the greatest common factor of s and 4?
4
Let d(i) = 16*i - 59. Let m be d(11). Calculate the highest common factor of m and 26.
13
Let y = 0 - -2. Suppose -5 = -y*b + 3*b. Let r = b - -12. Calculate the greatest common factor of 49 and r.
7
Suppose p - 108 = 44. Suppose 0*f + 2*f - p = 0. Suppose 0 = -2*q + 3*q - 2*g - 14, f = 5*q - 4*g. Calculate the highest common factor of 144 and q.
16
Let h(c) = -c**2 + 10*c - 6. Let v be h(4). Calculate the greatest common factor of 72 and v.
18
Let x(f) = -29*f + 1. Let t be x(-1). Calculate the greatest common factor of t and 150.
30
Suppose -3 = o - 5. Suppose -h = -2*w - 3*w + 330, 0 = -o*w + 2*h + 132. What is the highest common divisor of 6 and w?
6
Let c = 20 - 20. Suppose c = 4*o - 4*u - 36, -4*o = 4*u - 33 - 3. Calculate the highest common factor of 36 and o.
9
Suppose 3*r = -r - 56. Let v = -10 - r. Calculate the highest common divisor of v and 10.
2
Let m = -44 - -63. Let r be (-1603)/(-28) - (-8)/(-32). What is the highest common divisor of m and r?
19
Suppose -2*t = -102 - 10. Suppose 5 + 11 = 4*x + 3*m, 3*x = 4*m + 37. What is the greatest common factor of x and t?
7
Suppose 0 = 3*d - 31 + 16. Let o(s) = s + 4. Let h be o(d). Calculate the greatest common divisor of h and 63.
9
Let w = 2 + 1. Suppose -2*c - 2*c = -5*y, -5*c = 4*y. Let h be 2 + (y - -4) + -3. Calculate the greatest common factor of w and h.
3
Let q = 3 + -11. Let r = -7 - q. Calculate the highest common divisor of r and 1.
1
Suppose 8 = -h + 5*h. Let b(x) = -62*x - 422. Let l be b(-7). Calculate the greatest common divisor of h and l.
2
Let s be 6/(-9) - (-244)/6. Let j = -26 + s. Suppose 8*d - 109 = 3. Calculate the greatest common factor of j and d.
14
Suppose -2*v + 4*w + 162 = 0, 5*v + 2*w = -0*v + 405. What is the greatest common factor of v and 9?
9
Suppose 0 = -c + 4*h + 28 + 22, -284 = -5*c + 3*h. Suppose c - 16 = 2*z. What is the highest common factor of z and 189?
21
Let y be 2/(-10) + (-198)/(-15). Calculate the greatest common divisor of y and 117.
13
Suppose -d + 3 = -0. Let o = 80 + -47. Suppose -d*l + 2*g = -66, -l + 5*g + o = l. What is the highest common factor of 3 and l?
3
Let w(h) = -h**3 + 6*h**2 + 3*h - 9. Let d be ((-6)/8)/((-4)/32). Let k be w(d). Calculate the highest common divisor of 99 and k.
9
Let d be (72/20)/(9/30). What is the highest common factor of 12 and d?
12
Let a(n) = 4*n**2 - 14*n - 7. Let k be a(-9). Let s = k + -308. What is the highest common divisor of 15 and s?
15
Let b(f) = -f**2 - 4*f + 4. Let g be b(-4). Let x = 67 + -48. Let m = x - 11. What is the highest common factor of m and g?
4
Let d = 11 - -4. Let z be (-114)/(-22) - 2/11. Suppose z*q - 9 = 6. Calculate the highest common factor of q and d.
3
Let q = 131 + -51. Let s = 10 + 0. Calculate the greatest common divisor of q and s.
10
Suppose 2*b = 4*l - 5 + 15, 2*l + 19 = 3*b. Calculate the highest common divisor of b and 189.
7
Suppose -2*j - 52 = -3*l - 0*j, -5*j = -2*l + 53. What is the greatest common factor of 14 and l?
14
Let c(g) be the first derivative of 7*g**2 - 4. Let z be c(3). What is the highest common factor of 14 and z?
14
Suppose -9*j + 5*j + 20 = 0. Suppose -4*z + 293 = j*k, -2*z + 139 = -4*k - k. Calculate the highest common divisor of z and 8.
8
Let h = 33 - 32. What is the highest common factor of 1 and h?
1
Let g(o) = 4 + 4 + 0 + 2*o. Let v be g(-7). Let z = v + 22. Calculate the highest common divisor of 48 and z.
16
Suppose 2*g = 2*o + 36, -3*g - g = 5*o - 81. Suppose -b = -9 - g. Let v = 11 - 7. Calculate the greatest common divisor of b and v.
4
Let w be (-45)/((81/12)/(-9)). What is the highest common divisor of 12 and w?
12
Suppose 55 = 2*j - 57. What is the highest common divisor of 14 and j?
14
Suppose 17*w = 15*w + 192. What is the highest common divisor of w and 24?
24
Let i = -20 + 62. Let t be -2*9/(-6) + i. Let c = 39 - 21. Calculate the highest common divisor of t and c.
9
Suppose 6 + 114 = 2*b. What is the greatest common factor of b and 150?
30
Let n be (-1908)/(-7) + (-1 - 9/(-21)). Calculate the greatest common divisor of n and 16.
16
Let g(y) = 11*y + 12. Let z be g(11). Let c = 68 - 147. Let p = z + c. What is the greatest common divisor of p and 6?
6
Let r be (-12)/(-66) - 86/(-11). Calculate the greatest common divisor of r and 20.
4
Let q(w) = -w - 3. Let d be q(-5). Let x(o) = 9*o + 5 - o**3 - 5*o**2 + d*o**2 - 5*o**2. Let k be x(-9). Calculate the greatest common divisor of 40 and k.
5
Let l(a) = a**2 - 7*a - 9. Let x be l(8). Let z be -32*((-10)/8 + x). Calculate the greatest common factor of 9 and z.
9
Suppose 0 = 4*q - r + 4, -q - 3*q - 2*r + 8 = 0. Suppose -3*h = 5*a - 5 - 26, q = -a + 2*h + 1. Let d = 19 - a. What is the highest common factor of 14 and d?
14
Suppose -5*q + 10 = -0. Suppose -2*a = q*v - 253 + 71, 3*a - 298 = 2*v. What is the highest common factor of a and 12?
12
Suppose r - 20 = -3*c, -2*c + 2*r + 36 = -3*r. Calculate the highest common divisor of 4 and c.
4
Suppose -5*t + 99 = -o, -3*t = 8*o - 7*o - 53. What is the greatest common divisor of 171 and t?
19
Suppose 3*t = 5*g + 24, 3*t - 6 = -2*g + g. What is the greatest common divisor of t and 1?
1
Let b be (4/(-3))/(6/(-171)). What is the highest common factor of 38 and b?
38
Let u = 80 - 53. What is the greatest common factor of 9 and u?
9
Suppose -3*r + 4 = -u, -3*r + 8 = -u + r. Calcu